 is the thousands digit of i(-3)?
2
Let d(o) = 214*o + 43. Suppose -11*y + 13*y - 4*f = -12, -5*f + 25 = 0. What is the hundreds digit of d(y)?
8
Let x = -239 - -1150. What is the hundreds digit of x?
9
Suppose 449*g = 454*g. Suppose 4*c = g, 3*c = 5*a - 2003 - 1932. What is the units digit of a?
7
Let u(k) be the third derivative of k**6/120 + k**4/4 - 3*k**3/2 - 24*k**2. Let q be u(5). Suppose 2*a = q + 174. What is the tens digit of a?
6
Suppose -3*i = 4*a + 144, -2*i + 0 = -8. Let g = -36 - a. Suppose g - 29 = -d. What is the units digit of d?
6
Suppose 124*z - 126*z - 4*g + 51190 = 0, 3*g + 51176 = 2*z. What is the ten thousands digit of z?
2
Suppose -28 = -s - 5*z, -z + 42 = 10*s - 7*s. Let h(c) = c**3 - 15*c**2 + 31*c - 4. What is the tens digit of h(s)?
6
Let r = 2415 - -11334. What is the tens digit of r?
4
Suppose -18*g = -29*g - 462. What is the tens digit of (g + 2)*-2*10?
0
Let b(f) = 43*f - 256. Let y be b(6). Suppose 5495 = 3*d + 2*d + k, 3*d - 3297 = -y*k. What is the tens digit of d?
9
Let q(l) = -l**2 + 17*l - 17. Let u be q(16). What is the units digit of (-60)/(-540) - (5758/(-18) + u)?
1
What is the hundreds digit of 289422/(-54)*(-30)/14?
4
Let a = 1279 + 311. Suppose -615*v + 617*v - a = 0. What is the tens digit of v?
9
Let q be (1 - (1 + 0))*(-5 + 6). Let i be 4 - (7 + q + -4). Let g(n) = 11*n**2 - n + 1. What is the tens digit of g(i)?
1
Let c = -3268 + 4129. What is the hundreds digit of c?
8
Suppose -423 = 31*i + 383. Let n = 379 - i. What is the units digit of n?
5
What is the ten thousands digit of 7*(-24)/84 - -19896?
1
Let l(p) = 636*p + 182. What is the thousands digit of l(10)?
6
Suppose 0 = 4*b - 6*v + 2*v + 68, b + 3*v + 9 = 0. What is the hundreds digit of (b - -7 - -7)*-283?
2
Suppose 36*w + 48*w - 548632 = 56*w. What is the tens digit of w?
9
Let h = 2841 - 1207. Suppose -3*z + z + h = 0. What is the tens digit of z?
1
Suppose 4*b + 5*m = 7300, 0 = 2*m - 0*m - 8. Suppose -21*s = -17*s - b. What is the units digit of s?
5
Suppose 0 = 2*w - 44 + 32. Suppose 1185 = 4*p + 3*h, -4*p - 2*h + 1192 = -w*h. What is the hundreds digit of p?
2
Let s(u) = -97*u**3 - 29*u**2 - 133*u + 19. What is the ten thousands digit of s(-6)?
2
Let c = 24126 + -15790. What is the units digit of c?
6
Let c(n) = 77*n**2 + 2*n - 4. Let t be c(-3). Let d = t + -302. Suppose -29 - d = -5*b. What is the tens digit of b?
8
Let o = -431 - -417. Let z(u) = 4*u + 133. What is the units digit of z(o)?
7
What is the tens digit of 322036/154 + ((-32)/14)/2?
9
Suppose -26 = -10*g + 24. Suppose 5*j = g*w + 860, 23*j - 21*j - 319 = -3*w. What is the hundreds digit of (1 + 2 - (-2 + 5)) + j?
1
Let r(x) = 177*x**2 - 165*x + 1487. What is the tens digit of r(9)?
3
Suppose 302754 + 97230 = 104*d. What is the tens digit of d?
4
Let g(u) = -2301*u - 1546. What is the thousands digit of g(-4)?
7
Let h be 16/10 + 2/(-30)*-6. Let s(f) = -7*f + f**h + 324 + 0*f**2 - 274. What is the hundreds digit of s(13)?
1
Let m(b) = -b**3 - 3*b**2 - 76*b - 105. What is the tens digit of m(-25)?
4
Let u = -115 + 114. Let f(g) = 35*g - 6. Let q be f(u). Let t = 158 + q. What is the units digit of t?
7
Let l(s) = 2021*s + 2012. What is the units digit of l(3)?
5
Suppose 3*g + 247662 = 4*m, 808*m - g = 799*m + 557251. What is the units digit of m?
7
Let i be -6*(46 - -1)*4/8. What is the tens digit of i*2/(6/(-19))?
9
What is the tens digit of (2851 + 11)/(7/(224/12))?
3
Let z = 174 + -182. Let x(d) = -91*d - 143. What is the tens digit of x(z)?
8
What is the tens digit of (-22 - -16)/((-8)/((-13792)/(-3)))?
4
Suppose -2*w = -5*w + 123. Let b = w + -32. Let z(p) = p**3 - 6*p**2 - 20*p - 5. What is the units digit of z(b)?
8
Let f = -7 - -7. Let w(m) = f*m**2 - 14 + 10*m - 4*m + m**2 - 3*m. What is the units digit of w(-6)?
4
Let l(y) = -y**2 + 4*y + 2. Let i be l(4). Let f be ((i/(-2))/1)/(1/(-96)). Suppose -2*b - 29 = -m - f, -m + 108 = 3*b. What is the units digit of b?
5
What is the ten thousands digit of -2*7252/(-147)*(-1770)/(-16)?
1
Let d(p) = -p**3 - 19*p**2 - 17*p + 23. Let f be 4/(-10) + 176/(-10). Let a be d(f). Suppose -6 = 3*l, a*l - 4*l = 4*k - 254. What is the units digit of k?
3
What is the hundreds digit of 8769/(-185)*170/(-3)?
6
Let u(s) = 19*s**2 + 4*s + 4. Let l be u(-5). Let n = l - -60. What is the tens digit of n?
1
Let r = -179 - -27. Suppose 0 = 35*f - 938 - 2804 - 3923. Let n = r + f. What is the units digit of n?
7
Suppose 384 = 2*l - 4*c, -341 = 3*l + 4*c - 967. Suppose -1800 = l*y - 208*y. What is the units digit of y?
0
Let u(c) be the second derivative of c**5/10 - 5*c**4/6 - 8*c**3/3 - 11*c**2 - 58*c + 2. What is the units digit of u(9)?
2
Let v(j) be the third derivative of -25*j**4/12 - 23*j**3/2 + 67*j**2. What is the hundreds digit of v(-19)?
8
Let d = 1 + -6. Let w(c) = 4*c**2 + 12*c - c**2 + 71 + 77 - 145 + 4*c**2. What is the tens digit of w(d)?
1
Let z(p) = -40*p + 2546. What is the thousands digit of z(-48)?
4
Let x be 25/9 - 2/(-9). Suppose n - 400 = -3*h, -5*n + 8 = -x*n. What is the units digit of h?
2
Let p(z) = -36*z**3 + 3*z**2 + 4*z. Let a be p(-3). Let n = -362 + a. What is the hundreds digit of n?
6
Suppose 10*t = -t + 231. What is the units digit of 3021/t + (-4)/(-28)?
4
Let n = -18395 + 34469. What is the hundreds digit of n?
0
What is the thousands digit of ((-4)/44)/(71/(-5202241))?
6
Let w(c) = 19 - 75*c**3 - 10*c + 11 - 14*c**2 + 74*c**3. Let l be w(-13). Let u(a) = -9*a + 4. What is the units digit of u(l)?
5
Suppose 45*d - 160*d = 50*d - 1024155. What is the hundreds digit of d?
2
Suppose -3*b + 9*m - 13*m = -6587, 4*m + 4398 = 2*b. Suppose -b + 50455 = 42*o. What is the tens digit of o?
4
Let a(z) = z**2 - z + 1. Let l be a(1). Let u be (l + 158)*(-3 - (-7)/3). Let c = u - -232. What is the units digit of c?
6
Let j(q) = -3*q - 35 - 5*q**2 + 2*q + 4*q**2 + 5*q**2 - 5*q. What is the tens digit of j(-13)?
1
What is the tens digit of -6 - (-458*(-513)/(-18) - -2)?
4
Suppose 3*m - 21*v = -17*v + 23320, -4*m = -7*v - 31085. What is the hundreds digit of m?
7
Let g(z) = -143*z + 22. Let p be (-1)/((-64)/(-424)) - 9/24. What is the tens digit of g(p)?
2
Let a be 24/(-4)*(-452)/3. Let q = -33 - -33. Suppose -2*v - a = -5*z, q = z + 3*v - 175 - 16. What is the units digit of z?
2
Let l = -33 + 32. Let i be -2 - l/(4/(-88)). Let a = i - -181. What is the tens digit of a?
5
Let f = 18937 - 7983. What is the ten thousands digit of f?
1
Suppose m + 5*z + 4 = 0, -m = 4*z + 5 - 2. Suppose -13 + m = -4*v. Suppose -5*k - 37 = -3*y + 42, -v*k = -3*y + 87. What is the units digit of y?
3
Let s = 770 + 2203. What is the hundreds digit of s?
9
Let n(s) = s**3 + 6*s**2 + 3*s - 7. Let v be n(-5). Let z(a) = -3 + 0*a + 12 - v*a. What is the units digit of z(-4)?
1
Suppose -z - u = u - 314, -1204 = -4*z + 5*u. Suppose -z = 4*q + 102. Let n = -14 - q. What is the tens digit of n?
8
Let t(k) be the third derivative of -k**6/120 + k**5/6 - k**4/2 + 11*k**3/6 + 14*k**2. Let r be t(9). What is the tens digit of 53 + r + 1 + -1?
3
Let w(i) = -22*i**3 + i**2 - 93*i - 1444. What is the hundreds digit of w(-14)?
4
Suppose 4*o - 8714 = -j + 3542, -j = 12*o - 12224. What is the ten thousands digit of j?
1
Suppose 54*w - 716 = 50*w. Suppose 75 = 2*l - w. What is the tens digit of l?
2
Suppose -2*t - 21 = -p + 4*p, -5*t - p - 33 = 0. Let q be (-16)/t*(-7248)/(-64). Suppose 6*u - q = -26. What is the units digit of u?
6
Suppose -5*u + 40912 = 3*m, u - m - 7337 - 839 = 0. What is the tens digit of u?
8
Let y be 0 - (0 - -5)/(1/(-4)). Let f be 1/((-6)/(-9))*y/6. Suppose x = -0*x - f*u + 117, -3*u - 560 = -4*x. What is the hundreds digit of x?
1
Let i(s) = -s**3 + 8*s**2 - 6*s - 6. Suppose 5*n = -5*k + 35, 0 = -5*k + 2*k + 3*n + 15. Let x be i(k). Let l = 109 - x. What is the tens digit of l?
7
Suppose -2*b - 34*y = -28*y - 17552, 0 = b - 5*y - 8752. What is the units digit of b?
7
Let m(d) be the first derivative of -21 + 8/3*d**3 + 7/2*d**2 - 13*d - 1/4*d**4. What is the tens digit of m(5)?
9
Let w(p) = -p**3 - 9*p**2 - 19*p - 1. Let f be w(-6). What is the tens digit of 4*154*f/((-35)/(-6))?
2
Suppose 0 = -3*p + 15, -3*d = 164*p - 159*p - 108625. What is the hundreds digit of d?
2
What is the thousands digit of (-5)/4 + 52194/8?
6
Let c = -6 + -4